882.
2, 11941
What are the prime factors of 2860?
2, 5, 11, 13
List the prime factors of 3583.
3583
What are the prime factors of 3292?
2, 823
List the prime factors of 11808.
2, 3, 41
What are the prime factors of 78100?
2, 5, 11, 71
List the prime factors of 3773.
7, 11
What are the prime factors of 457?
457
What are the prime factors of 5736?
2, 3, 239
What are the prime factors of 22433?
22433
List the prime factors of 93.
3, 31
What are the prime factors of 87599?
251, 349
What are the prime factors of 42618?
2, 3, 7103
List the prime factors of 822.
2, 3, 137
What are the prime factors of 69891?
3, 23297
What are the prime factors of 11010?
2, 3, 5, 367
List the prime factors of 16501.
29, 569
What are the prime factors of 642?
2, 3, 107
What are the prime factors of 4682?
2, 2341
What are the prime factors of 2342?
2, 1171
What are the prime factors of 750?
2, 3, 5
What are the prime factors of 47809?
47809
List the prime factors of 24109.
24109
List the prime factors of 1155.
3, 5, 7, 11
What are the prime factors of 1791?
3, 199
What are the prime factors of 564?
2, 3, 47
What are the prime factors of 45279?
3, 13, 43
What are the prime factors of 3696?
2, 3, 7, 11
What are the prime factors of 150273?
3, 59, 283
List the prime factors of 1445.
5, 17
List the prime factors of 6080.
2, 5, 19
List the prime factors of 223.
223
List the prime factors of 3545.
5, 709
What are the prime factors of 6858?
2, 3, 127
List the prime factors of 17168.
2, 29, 37
List the prime factors of 727.
727
What are the prime factors of 54078?
2, 3, 9013
What are the prime factors of 2887?
2887
What are the prime factors of 17308?
2, 4327
List the prime factors of 879.
3, 293
List the prime factors of 314.
2, 157
List the prime factors of 378.
2, 3, 7
List the prime factors of 11336.
2, 13, 109
List the prime factors of 6617.
13, 509
List the prime factors of 2669.
17, 157
What are the prime factors of 24845?
5, 4969
List the prime factors of 1225.
5, 7
What are the prime factors of 3418?
2, 1709
What are the prime factors of 6621?
3, 2207
What are the prime factors of 42783?
3, 13, 1097
What are the prime factors of 12179?
19, 641
List the prime factors of 6666.
2, 3, 11, 101
What are the prime factors of 330?
2, 3, 5, 11
What are the prime factors of 15227?
15227
List the prime factors of 2529.
3, 281
List the prime factors of 4694.
2, 2347
List the prime factors of 42853.
42853
What are the prime factors of 1027?
13, 79
List the prime factors of 1215.
3, 5
List the prime factors of 2947.
7, 421
List the prime factors of 3600.
2, 3, 5
What are the prime factors of 12694?
2, 11, 577
What are the prime factors of 1514?
2, 757
List the prime factors of 1762.
2, 881
What are the prime factors of 8854?
2, 19, 233
What are the prime factors of 18529?
7, 2647
What are the prime factors of 3614?
2, 13, 139
What are the prime factors of 1114?
2, 557
List the prime factors of 12924.
2, 3, 359
List the prime factors of 3411.
3, 379
What are the prime factors of 8931?
3, 13, 229
List the prime factors of 42698.
2, 37, 577
List the prime factors of 14513.
23, 631
List the prime factors of 14796.
2, 3, 137
What are the prime factors of 10965?
3, 5, 17, 43
List the prime factors of 133124.
2, 23, 1447
What are the prime factors of 44417?
44417
What are the prime factors of 2666?
2, 31, 43
List the prime factors of 1530.
2, 3, 5, 17
What are the prime factors of 2286?
2, 3, 127
What are the prime factors of 23192?
2, 13, 223
What are the prime factors of 2357?
2357
What are the prime factors of 5537?
7, 113
List the prime factors of 9044.
2, 7, 17, 19
List the prime factors of 9701.
89, 109
List the prime factors of 1059.
3, 353
What are the prime factors of 8558?
2, 11, 389
List the prime factors of 1158.
2, 3, 193
List the prime factors of 2698.
2, 19, 71
List the prime factors of 102728.
2, 12841
What are the prime factors of 550?
2, 5, 11
List the prime factors of 281.
281
What are the prime factors of 1105?
5, 13, 17
What are the prime factors of 54610?
2, 5, 43, 127
What are the prime factors of 2538?
2, 3, 47
What are the prime factors of 112334?
2, 56167
What are the prime factors of 57062?
2, 103, 277
List the prime factors of 42537.
3, 11, 1289
List the prime factors of 5061.
3, 7, 241
What are the prime factors of 8?
2
What are the prime factors of 8325?
3, 5, 37
List the prime factors of 21988.
2, 23, 239
List the prime factors of 62717.
59, 1063
List the prime factors of 3187.
3187
List the prime factors of 9045.
3, 5, 67
What are the prime factors of 1608?
2, 3, 67
List the prime factors of 15481.
113, 137
List the prime factors of 27385.
5, 5477
What are the prime factors of 76769?
7, 11, 997
List the prime factors of 398.
2, 199
List the prime factors of 14920.
2, 5, 373
What are the prime factors of 36091?
11, 17, 193
What are the prime factors of 6472?
2, 809
List the prime factors of 821.
821
List the prime factors of 450.
2, 3, 5
What are the prime factors of 1359?
3, 151
List the prime factors of 1048.
2, 131
List the prime factors of 759.
3, 11, 23
What are the prime factors of 14781?
3, 13, 379
List the prime factors of 1387.
19, 73
List the prime factors of 28705.
5, 5741
List the prime factors of 9015.
3, 5, 601
List the prime factors of 23361.
3, 13, 599
What are the prime factors of 17327?
17327
What are the prime factors of 88595?
5, 13, 29, 47
List the prime factors of 1071.
3, 7, 17
What are the prime factors of 301?
7, 43
List the prime factors of 488.
2, 61
List the prime factors of 7542.
2, 3, 419
List the prime factors of 16742.
2, 11, 761
List the prime factors of 12864.
2, 3, 67
List the prime factors of 34919.
34919
List the prime factors of 12979.
12979
List the prime factors of 33227.
149, 223
What are the prime factors of 134765?
5, 26953
List the prime factors of 84243.
3, 28081
What are the prime factors of 14889?
3, 7, 709
List the prime factors of 186502.
2, 93251
List the prime factors of 12596.
2, 47, 67
List the prime factors of 4975.
5, 199
What are the prime factors of 187994?
2, 93997
List the prime factors of 6904.
2, 863
List the prime factors of 3743.
19, 197
List the prime factors of 43959.
3, 14653
List the prime factors of 3566.
2, 1783
List the prime factors of 49107.
3, 16369
What are the prime factors of 383?
383
What are the prime factors of 18399?
3, 6133
List the prime factors of 860.
2, 5, 43
List the prime factors of 1029.
3, 7
List the prime factors of 1291.
1291
What are the prime factors of 50689?
173, 293
List the prime factors of 1902.
2, 3, 317
What are the prime factors of 18201?
3, 6067
What are the prime factors of 2505?
3, 5, 167
List the prime factors of 19672.
2, 2459
What are the prime factors of 202?
2, 101
List the prime factors of 43137.
3, 4793
List the prime factors of 23592.
2, 3, 983
List the prime factors of 4070.
2, 5, 11, 37
What are the prime factors of 398?
2, 199
What are the prime factors of 24648?
2, 3, 13, 79
List the prime factors of 8048.
2, 503
List the prime factors of 8416.
2, 263
List the prime factors of 70.
2, 5, 7
List the prime factors of 32976.
2, 3, 229
What are the prime factors of 6280?
2, 5, 157
What are the prime factors of 123?
3, 41
List the prime factors of 452.
2, 113
What are the prime factors of 67866?
2, 3, 11311
What are the prime factors of 1254?
2, 3, 11, 19
What are the prime factors of 10067?
10067
List the prime factors of 49848.
2, 3, 31, 67
List the prime factors of 10419.
3, 23, 151
What are the prime factors of 235?
5, 47
What are the prime factors of 3757?
13, 17
What are the prime factors of 17530?
2, 5, 1753
What are the prime factors of 145896?
2, 3, 6079
What are the prime factors of 8303?
19, 23
List the prime factors of 115876.
2, 59, 491
List the prime factors of 4945.
5, 23, 43
What are the prime factors of 3141?
3, 349
List the prime factors of 23296.
2, 7, 13
What are the prime factors of 518?
2, 7, 37
List the prime factors of 24770.
2, 5, 2477
List the prime factors of 2691.
3, 13, 23
List the prime factors of 16895.
5, 31, 109
What are the prime factors of 815?
5, 163
List the prime factors of 727.
727
List the prime factors of 1133.
11, 103
List the prime factors of 20636.
2, 7, 11, 67
What are the prime factors of 728?
2, 7, 1